
9
What is the tens digit of 429?
2
What is the hundreds digit of 23847?
8
What is the thousands digit of 4041?
4
What is the thousands digit of 1334?
1
What is the units digit of 1842?
2
What is the units digit of 6387?
7
What is the tens digit of 1193?
9
What is the tens digit of 2117?
1
What is the thousands digit of 1408?
1
What is the tens digit of 650?
5
What is the thousands digit of 1230?
1
What is the units digit of 2479?
9
What is the hundreds digit of 83023?
0
What is the hundreds digit of 603?
6
What is the thousands digit of 1026?
1
What is the thousands digit of 25239?
5
What is the units digit of 11480?
0
What is the tens digit of 2553?
5
What is the tens digit of 889?
8
What is the units digit of 477?
7
What is the thousands digit of 12349?
2
What is the hundreds digit of 5790?
7
What is the hundreds digit of 24241?
2
What is the hundreds digit of 75053?
0
What is the tens digit of 471?
7
What is the tens digit of 7569?
6
What is the hundreds digit of 1413?
4
What is the thousands digit of 18081?
8
What is the units digit of 6995?
5
What is the hundreds digit of 26276?
2
What is the units digit of 45?
5
What is the hundreds digit of 59592?
5
What is the units digit of 127?
7
What is the units digit of 26564?
4
What is the thousands digit of 66485?
6
What is the units digit of 2113?
3
What is the tens digit of 8962?
6
What is the thousands digit of 19516?
9
What is the hundreds digit of 87672?
6
What is the hundreds digit of 4450?
4
What is the tens digit of 9815?
1
What is the tens digit of 2771?
7
What is the hundreds digit of 695?
6
What is the hundreds digit of 3891?
8
What is the units digit of 2337?
7
What is the thousands digit of 4885?
4
What is the tens digit of 3678?
7
What is the thousands digit of 1345?
1
What is the hundreds digit of 21338?
3
What is the tens digit of 2394?
9
What is the tens digit of 3078?
7
What is the hundreds digit of 31161?
1
What is the thousands digit of 72118?
2
What is the units digit of 940?
0
What is the units digit of 4656?
6
What is the tens digit of 3355?
5
What is the tens digit of 8017?
1
What is the hundreds digit of 921?
9
What is the units digit of 259?
9
What is the tens digit of 5958?
5
What is the units digit of 1075?
5
What is the tens digit of 80487?
8
What is the tens digit of 2013?
1
What is the tens digit of 2066?
6
What is the thousands digit of 3647?
3
What is the units digit of 34877?
7
What is the hundreds digit of 3720?
7
What is the thousands digit of 1381?
1
What is the thousands digit of 2578?
2
What is the thousands digit of 11318?
1
What is the units digit of 328?
8
What is the hundreds digit of 6348?
3
What is the tens digit of 3088?
8
What is the tens digit of 629?
2
What is the units digit of 34704?
4
What is the ten thousands digit of 110051?
1
What is the units digit of 1837?
7
What is the tens digit of 51789?
8
What is the hundreds digit of 38432?
4
What is the thousands digit of 17772?
7
What is the hundreds digit of 1569?
5
What is the tens digit of 561?
6
What is the hundreds digit of 23263?
2
What is the hundreds digit of 2133?
1
What is the tens digit of 971?
7
What is the units digit of 4335?
5
What is the ten thousands digit of 13799?
1
What is the tens digit of 204600?
0
What is the tens digit of 1616?
1
What is the thousands digit of 13340?
3
What is the thousands digit of 1164?
1
What is the hundreds digit of 41872?
8
What is the tens digit of 1631?
3
What is the hundreds digit of 70847?
8
What is the ten thousands digit of 10036?
1
What is the hundreds digit of 57650?
6
What is the tens digit of 42810?
1
What is the thousands digit of 6405?
6
What is the thousands digit of 2206?
2
What is the units digit of 8712?
2
What is the units digit of 71057?
7
What is the ten thousands digit of 27120?
2
What is the tens digit of 2512?
1
What is the thousands digit of 65425?
5
What is the hundreds digit of 13681?
6
What is the hundreds digit of 1364?
3
What is the thousands digit of 5550?
5
What is the ten thousands digit of 25184?
2
What is the hundreds digit of 6576?
5
What is the tens digit of 8221?
2
What is the thousands digit of 43024?
3
What is the hundreds digit of 5151?
1
What is the tens digit of 20941?
4
What is the ten thousands digit of 29215?
2
What is the ten thousands digit of 54309?
5
What is the hundreds digit of 6583?
5
What is the ten thousands digit of 39969?
3
What is the hundreds digit of 3214?
2
What is the hundreds digit of 749?
7
What is the units digit of 1255?
5
What is the units digit of 8097?
7
What is the thousands digit of 4645?
4
What is the ten thousands digit of 24582?
2
What is the hundreds digit of 118846?
8
What is the tens digit of 608?
0
What is the tens digit of 114514?
1
What is the hundreds digit of 5501?
5
What is the tens digit of 1773?
7
What is the units digit of 231?
1
What is the units digit of 73655?
5
What is the units digit of 100867?
7
What is the hundreds digit of 5169?
1
What is the units digit of 6618?
8
What is the tens digit of 6536?
3
What is the thousands digit of 17590?
7
What is the tens digit of 59425?
2
What is the units digit of 4240?
0
What is the ten thousands digit of 11087?
1
What is the units digit of 4416?
6
What is the tens digit of 1966?
6
What is the units digit of 144?
4
What is the tens digit of 7725?
2
What is the tens digit of 11977?
7
What is the tens digit of 610?
1
What is the tens digit of 5132?
3
What is the hundreds digit of 842?
8
What is the thousands digit of 6212?
6
What is the hundreds digit of 9727?
7
What is the units digit of 27425?
5
What is the hundreds digit of 1606?
6
What is the units digit of 859?
9
What is the ten thousands digit of 39516?
3
What is the thousands digit of 5049?
5
What is the hundreds digit of 18334?
3
What is the tens digit of 12191?
9
What is the tens digit of 7450?
5
What is the tens digit of 214?
1
What is the tens digit of 4006?
0
What is the tens digit of 913?
1
What is the ten thousands digit of 15725?
1
What is the hundreds digit of 2202?
2
What is the hundreds digit of 13534?
5
What is the hundreds digit of 1410?
4
What is the thousands digit of 2945?
2
What is the units digit of 1334?
4
What is the units digit of 89?
9
What is the units digit of 206?
6
What is the thousands digit of 87845?
7
What is the hundreds digit of 1014?
0
What is the hundreds digit of 9802?
8
What is the units digit of 65934?
4
What is the tens digit of 53785?
8
What is the hundreds digit of 897?
8
What is the thousands digit of 52976?
2
What is the hundreds digit of 675?
6
What is the tens digit of 24127?
2
What is the tens digit of 38?
3
What is the thousands digit of 4950?
4
What is the thousands digit of 2082?
2
What is the tens digit of 702?
0
What is the tens digit of 37?
3
What is the units digit of 6330?
0
What is the hundreds digit of 10813?
8
What is the hundreds digit of 1990?
9
What is the ten thousands digit of 20098?
2
What is the thousands digit of 6590?
6
What is the ten thousands digit of 59195?
5
What is the tens digit of 9898?
9
What is the thousands digit of 7040?
7
What is the thousands digit of 37034?
7
What is the thousands digit of 153898?
3
What is the tens digit of 9007?
0
What is the thousands digit of 16363?
6
What is the hundreds digit of 563?
5
What is the ten thousands digit of 37174?
3
What is the units digit of 34912?
2
What is the hundreds digit of 8606?
6
What is the tens digit of 38?
3
What is the hundreds digit of 810?
8
What is the tens digit of 49121?
2
What is the thousands digit of 3230?
3
What is the ten thousands digit of 27761?
2
What is the hundreds digit of 9794?
7
What is the tens digit of 111?
1
What is the hundreds digit of 250?
2
What is the hundreds digit of 11359?
3
What is the thousands digit of 19263?
9
What is the ten thousands digit of 10950?
1
What is the thousands digit of 5878?
5
What is the tens digit of 152474?
7
What is the hundreds digit of 25574?
5
What is the thousands digit of 6715?
6
What is the ten thousands digit of 49988?
4
What is the hundreds digit of 249?
2
What is the hundreds digit of 5965?
9
What is the units digit of 1421?
1
What is the tens digit of 45?
4
What is the hundreds digit of 12913?
9
What is the tens digit of 40988?
8
What is the units digit of 3243?
3
What is the tens 